{"id":97,"date":"2017-03-03T21:21:26","date_gmt":"2017-03-03T21:21:26","guid":{"rendered":"http:\/\/sw-themes.com\/porto_dummy\/?page_id=97"},"modified":"2025-06-19T07:55:26","modified_gmt":"2025-06-19T11:55:26","slug":"contact","status":"publish","type":"page","link":"https:\/\/gypse180.ca\/index.php\/contact\/","title":{"rendered":"Contact"},"content":{"rendered":"<div class=\"wpb-content-wrapper\"><p>[vc_row wrap_container=\u00a0\u00bbyes\u00a0\u00bb equal_height=\u00a0\u00bbyes\u00a0\u00bb content_placement=\u00a0\u00bbmiddle\u00a0\u00bb el_class=\u00a0\u00bbtalk-business background-color-secondary\u00a0\u00bb css=\u00a0\u00bb.vc_custom_1624820642033{padding-top: 50px !important;padding-bottom: 86px !important;}\u00a0\u00bb][vc_column width=\u00a0\u00bb1\/2&Prime; css=\u00a0\u00bb.vc_custom_1624819469308{padding-top: 36px !important;padding-left: 12px !important;}\u00a0\u00bb el_class=\u00a0\u00bbmb-5 mb-md-0&Prime;][vc_custom_heading text=\u00a0\u00bbBESOIN D&rsquo;INFORMATION ?\u00a0\u00bb font_container=\u00a0\u00bbtag:h3|font_size:1.2em|text_align:left|line_height:1&Prime; use_theme_fonts=\u00a0\u00bbyes\u00a0\u00bb font_weight=\u00a0\u00bb700&Prime; skin=\u00a0\u00bblight\u00a0\u00bb letter_spacing=\u00a0\u00bb0&Prime; animation_delay=\u00a0\u00bb200&Prime; el_class=\u00a0\u00bbmb-1&Prime; animation_type=\u00a0\u00bbfadeInUp\u00a0\u00bb css_params=\u00a0\u00bb\u00a0\u00bb]<div class=\"porto-u-heading mb-0 pe-md-4 pe-lg-5  wpb_custom_720d5f0f85898eaf6f2e72b5f636dc4d porto-u-ad87e2eaf3f9c495180fe0156ddf3eb0 \" data-appear-animation=\"fadeInUp\" data-appear-animation-delay=\"400\"><div class=\"porto-u-main-heading\"><h2   style=\"color:#ffffff;margin-bottom: 16px;\">Communiquez avec nous<\/h2><\/div><div class=\"porto-u-sub-heading\" style=\"color: var(--porto-light-color);margin-bottom:36px;\">N\u2019h\u00e9sitez pas \u00e0 nous contacter! Que ce soit pour une question, un commentaire ou un besoin sp\u00e9cifique, notre \u00e9quipe se fera un plaisir de vous r\u00e9pondre dans les plus brefs d\u00e9lais.<\/div><style>.porto-u-ad87e2eaf3f9c495180fe0156ddf3eb0.porto-u-heading{text-align:left}<\/style><\/div>[\/vc_column][vc_column width=\u00a0\u00bb1\/2&Prime; css=\u00a0\u00bb.vc_custom_1624819475281{padding-top: 36px !important;padding-right: 12px !important;}\u00a0\u00bb el_class=\u00a0\u00bbdivider-left\u00a0\u00bb]<div class=\"porto-container container ps-md-4 ps-lg-4 py-md-5 ms-md-4 \"><a class=\"porto-sicon-box-link\" href=\"tel:0123456789\"><div class=\"porto-sicon-box custom-infobox-style  wpb_custom_052163bd5c1f6bd8a2e4e8abbd003534 style_1 default-icon\" data-appear-animation=\"fadeInUp\" data-appear-animation-delay=\"900\"><div class=\"porto-sicon-default\"><div class=\"porto-just-icon-wrapper porto-icon none\" style=\"color:#ffffff;font-size:35px;margin-right:12px;\"><i class=\"porto-icon-phone-1\"><\/i><\/div><\/div><div class=\"porto-sicon-header\"><h6 class=\"porto-sicon-title\" style=\"\">(855) 208-4564<\/h6><p style=\"color:var(--porto-light-color);\">Num\u00e9ro principal<\/p><\/div> <!-- header --><\/div><!-- porto-sicon-box --><\/a><a class=\"porto-sicon-box-link\" href=\"tel:0123456789\"><div class=\"porto-sicon-box custom-infobox-style  wpb_custom_052163bd5c1f6bd8a2e4e8abbd003534 style_1 default-icon\" data-appear-animation=\"fadeInUp\" data-appear-animation-delay=\"900\"><div class=\"porto-sicon-default\"><div class=\"porto-just-icon-wrapper porto-icon none\" style=\"color:#ffffff;font-size:35px;margin-right:12px;\"><i class=\"porto-icon-phone-1\"><\/i><\/div><\/div><div class=\"porto-sicon-header\"><h6 class=\"porto-sicon-title\" style=\"\">(819) 699-7702<\/h6><p style=\"color:var(--porto-light-color);\">Contact usine<\/p><\/div> <!-- header --><\/div><!-- porto-sicon-box --><\/a><a class=\"porto-sicon-box-link\" href=\"mailto:example@domain.com\"><div class=\"porto-sicon-box  vc_custom_1748942574640 custom-infobox-style  wpb_custom_052163bd5c1f6bd8a2e4e8abbd003534 style_1 default-icon\" data-appear-animation=\"fadeInUp\" data-appear-animation-delay=\"1100\"><div class=\"porto-sicon-default\"><div class=\"porto-just-icon-wrapper porto-icon none\" style=\"color:#ffffff;font-size:38px;margin-right:12px;\"><i class=\"porto-icon-atmark\"><\/i><\/div><\/div><div class=\"porto-sicon-header\"><h6 class=\"porto-sicon-title\" style=\"\">info@gypse180.ca<\/h6><\/div> <!-- header --><\/div><!-- porto-sicon-box --><\/a><div class=\"porto-sicon-box custom-infobox-style custom-infobox-3 pe-lg-5 mb-0  wpb_custom_052163bd5c1f6bd8a2e4e8abbd003534 style_1 default-icon\" data-appear-animation=\"fadeInUp\" data-appear-animation-delay=\"1300\"><div class=\"porto-sicon-default\"><div class=\"porto-just-icon-wrapper porto-icon none\" style=\"color:#ffffff;font-size:38px;margin-right:12px;\"><i class=\"porto-icon-map-location\"><\/i><\/div><\/div><div class=\"porto-sicon-header\"><h6 class=\"porto-sicon-title\" style=\"\">122 D.R. Wilson<br \/>\nShawinigan, Qu\u00e9bec G9N 8M7<\/h6><\/div> <!-- header --><\/div><!-- porto-sicon-box --><\/div>[\/vc_column][\/vc_row][vc_row][vc_column][vc_gmaps link=\u00a0\u00bb#E-8_JTNDaWZyYW1lJTIwc3JjJTNEJTIyaHR0cHMlM0ElMkYlMkZ3d3cuZ29vZ2xlLmNvbSUyRm1hcHMlMkZlbWJlZCUzRnBiJTNEJTIxMW0xOCUyMTFtMTIlMjExbTMlMjExZDI3NDMuNzU1ODkyMjI0OTg5JTIxMmQtNzIuNzMxNjEyNTk5OTk5OTklMjEzZDQ2LjU1MjUxNTUlMjEybTMlMjExZjAlMjEyZjAlMjEzZjAlMjEzbTIlMjExaTEwMjQlMjEyaTc2OCUyMTRmMTMuMSUyMTNtMyUyMTFtMiUyMTFzMHg0Y2M2NGMzYmQyODI1NTY1JTI1M0EweDhhZTIxMzY2YzNmMWZiMzAlMjEyczEyMiUyNTIwUnVlJTI1MjBELiUyNTIwUi4lMjUyMFdpbHNvbiUyNTJDJTI1MjBTaGF3aW5pZ2FuJTI1MkMlMjUyMFFDJTI1MjBHOU4lMjUyMDhNNyUyMTVlMCUyMTNtMiUyMTFzZnIlMjEyc2NhJTIxNHYxNzUwMzI5OTQ2MTAyJTIxNW0yJTIxMXNmciUyMTJzY2ElMjIlMjB3aWR0aCUzRCUyMjYwMCUyMiUyMGhlaWdodCUzRCUyMjQ1MCUyMiUyMHN0eWxlJTNEJTIyYm9yZGVyJTNBMCUzQiUyMiUyMGFsbG93ZnVsbHNjcmVlbiUzRCUyMiUyMiUyMGxvYWRpbmclM0QlMjJsYXp5JTIyJTIwcmVmZXJyZXJwb2xpY3klM0QlMjJuby1yZWZlcnJlci13aGVuLWRvd25ncmFkZSUyMiUzRSUzQyUyRmlmcmFtZSUzRQ==\u00a0\u00bb css=\u00a0\u00bb.vc_custom_1750330082845{margin-top: 0px !important;margin-right: -25px !important;margin-bottom: 0px !important;margin-left: -20px !important;border-top-width: 0px !important;border-right-width: 0px !important;border-bottom-width: 0px !important;padding-top: 0px !important;padding-right: 0px !important;padding-bottom: 0px !important;padding-left: 0px !important;}\u00a0\u00bb css_params=\u00a0\u00bb\u00a0\u00bb][\/vc_column][\/vc_row][vc_row wrap_container=\u00a0\u00bbyes\u00a0\u00bb equal_height=\u00a0\u00bbyes\u00a0\u00bb el_class=\u00a0\u00bbtalk-business background-color-primary\u00a0\u00bb css=\u00a0\u00bb.vc_custom_1624832112091{padding-top: 50px !important;padding-bottom: 50px !important;}\u00a0\u00bb][vc_column width=\u00a0\u00bb7\/12&Prime; offset=\u00a0\u00bbvc_col-md-5&Prime; el_class=\u00a0\u00bbpt-5&Prime;][vc_custom_heading text=\u00a0\u00bbCONTACTEZ-NOUS\u00a0\u00bb font_container=\u00a0\u00bbtag:h3|font_size:1.2em|text_align:left|line_height:1&Prime; use_theme_fonts=\u00a0\u00bbyes\u00a0\u00bb font_weight=\u00a0\u00bb700&Prime; skin=\u00a0\u00bblight\u00a0\u00bb letter_spacing=\u00a0\u00bb0&Prime; el_class=\u00a0\u00bbmb-1&Prime; css_params=\u00a0\u00bb\u00a0\u00bb][\/vc_column][vc_column el_class=\u00a0\u00bbpb-5&Prime;]\n<div class=\"wpcf7 no-js\" id=\"wpcf7-f768-o1\" lang=\"en-US\" dir=\"ltr\" data-wpcf7-id=\"768\">\n<div class=\"screen-reader-response\"><p role=\"status\" aria-live=\"polite\" aria-atomic=\"true\"><\/p> <ul><\/ul><\/div>\n<form action=\"\/index.php\/wp-json\/wp\/v2\/pages\/97#wpcf7-f768-o1\" method=\"post\" class=\"wpcf7-form init\" aria-label=\"Contact form\" novalidate=\"novalidate\" data-status=\"init\">\n<div style=\"display: none;\">\n<input type=\"hidden\" name=\"_wpcf7\" value=\"768\" \/>\n<input type=\"hidden\" name=\"_wpcf7_version\" value=\"6.0.4\" \/>\n<input type=\"hidden\" name=\"_wpcf7_locale\" value=\"en_US\" \/>\n<input type=\"hidden\" name=\"_wpcf7_unit_tag\" value=\"wpcf7-f768-o1\" \/>\n<input type=\"hidden\" name=\"_wpcf7_container_post\" value=\"0\" \/>\n<input type=\"hidden\" name=\"_wpcf7_posted_data_hash\" value=\"\" \/>\n<\/div>\n<div class=\"mb-2\">\n    <span class=\"wpcf7-form-control-wrap\" data-name=\"text-520\"><input size=\"40\" maxlength=\"400\" class=\"wpcf7-form-control wpcf7-text wpcf7-validates-as-required form-control font-weight-semibold px-1 py-3\" aria-required=\"true\" aria-invalid=\"false\" placeholder=\"* Votre nom\" value=\"\" type=\"text\" name=\"text-520\" \/><\/span>\n<\/div>\n<div class=\"mb-3\">\n    <span class=\"wpcf7-form-control-wrap\" data-name=\"email-863\"><input size=\"40\" maxlength=\"400\" class=\"wpcf7-form-control wpcf7-email wpcf7-validates-as-required wpcf7-text wpcf7-validates-as-email form-control font-weight-semibold px-1 py-3\" aria-required=\"true\" aria-invalid=\"false\" placeholder=\"* Votre adresse courriel\" value=\"\" type=\"email\" name=\"email-863\" \/><\/span>\n<\/div>\n\n<div class=\"mb-4\">\n    <span class=\"wpcf7-form-control-wrap\" data-name=\"textarea-469\"><textarea cols=\"40\" rows=\"10\" maxlength=\"2000\" class=\"wpcf7-form-control wpcf7-textarea wpcf7-validates-as-required form-control font-weight-semibold px-1 py-3\" aria-required=\"true\" aria-invalid=\"false\" placeholder=\"* Message\" name=\"textarea-469\"><\/textarea><\/span>\n<\/div>\n<div class=\"mb-0\">\n    <input class=\"wpcf7-form-control wpcf7-submit has-spinner custom-btn-light btn btn-light font-weight-bold\" type=\"submit\" value=\"Envoyer\" \/>\n<\/div><div class=\"wpcf7-response-output\" aria-hidden=\"true\"><\/div>\n<\/form>\n<\/div>\n[\/vc_column][\/vc_row]<\/p>\n<\/div>","protected":false},"excerpt":{"rendered":"<p>[vc_row wrap_container=\u00a0\u00bbyes\u00a0\u00bb equal_height=\u00a0\u00bbyes\u00a0\u00bb content_placement=\u00a0\u00bbmiddle\u00a0\u00bb el_class=\u00a0\u00bbtalk-business background-color-secondary\u00a0\u00bb css=\u00a0\u00bb.vc_custom_1624820642033{padding-top: 50px !important;padding-bottom: 86px !important;}\u00a0\u00bb][vc_column width=\u00a0\u00bb1\/2&Prime; css=\u00a0\u00bb.vc_custom_1624819469308{padding-top: 36px !important;padding-left: 12px !important;}\u00a0\u00bb el_class=\u00a0\u00bbmb-5 mb-md-0&Prime;][vc_custom_heading text=\u00a0\u00bbBESOIN D&rsquo;INFORMATION ?\u00a0\u00bb font_container=\u00a0\u00bbtag:h3|font_size:1.2em|text_align:left|line_height:1&Prime; use_theme_fonts=\u00a0\u00bbyes\u00a0\u00bb font_weight=\u00a0\u00bb700&Prime; skin=\u00a0\u00bblight\u00a0\u00bb letter_spacing=\u00a0\u00bb0&Prime; animation_delay=\u00a0\u00bb200&Prime; el_class=\u00a0\u00bbmb-1&Prime; animation_type=\u00a0\u00bbfadeInUp\u00a0\u00bb css_params=\u00a0\u00bb\u00a0\u00bb][\/vc_column][vc_column width=\u00a0\u00bb1\/2&Prime; css=\u00a0\u00bb.vc_custom_1624819475281{padding-top: 36px !important;padding-right: 12px !important;}\u00a0\u00bb el_class=\u00a0\u00bbdivider-left\u00a0\u00bb][\/vc_column][\/vc_row][vc_row][vc_column][vc_gmaps link=\u00a0\u00bb#E-8_JTNDaWZyYW1lJTIwc3JjJTNEJTIyaHR0cHMlM0ElMkYlMkZ3d3cuZ29vZ2xlLmNvbSUyRm1hcHMlMkZlbWJlZCUzRnBiJTNEJTIxMW0xOCUyMTFtMTIlMjExbTMlMjExZDI3NDMuNzU1ODkyMjI0OTg5JTIxMmQtNzIuNzMxNjEyNTk5OTk5OTklMjEzZDQ2LjU1MjUxNTUlMjEybTMlMjExZjAlMjEyZjAlMjEzZjAlMjEzbTIlMjExaTEwMjQlMjEyaTc2OCUyMTRmMTMuMSUyMTNtMyUyMTFtMiUyMTFzMHg0Y2M2NGMzYmQyODI1NTY1JTI1M0EweDhhZTIxMzY2YzNmMWZiMzAlMjEyczEyMiUyNTIwUnVlJTI1MjBELiUyNTIwUi4lMjUyMFdpbHNvbiUyNTJDJTI1MjBTaGF3aW5pZ2FuJTI1MkMlMjUyMFFDJTI1MjBHOU4lMjUyMDhNNyUyMTVlMCUyMTNtMiUyMTFzZnIlMjEyc2NhJTIxNHYxNzUwMzI5OTQ2MTAyJTIxNW0yJTIxMXNmciUyMTJzY2ElMjIlMjB3aWR0aCUzRCUyMjYwMCUyMiUyMGhlaWdodCUzRCUyMjQ1MCUyMiUyMHN0eWxlJTNEJTIyYm9yZGVyJTNBMCUzQiUyMiUyMGFsbG93ZnVsbHNjcmVlbiUzRCUyMiUyMiUyMGxvYWRpbmclM0QlMjJsYXp5JTIyJTIwcmVmZXJyZXJwb2xpY3klM0QlMjJuby1yZWZlcnJlci13aGVuLWRvd25ncmFkZSUyMiUzRSUzQyUyRmlmcmFtZSUzRQ==\u00a0\u00bb css=\u00a0\u00bb.vc_custom_1750330082845{margin-top: 0px !important;margin-right: -25px !important;margin-bottom: 0px !important;margin-left: -20px !important;border-top-width: 0px !important;border-right-width: 0px !important;border-bottom-width: 0px !important;padding-top: 0px [&hellip;]<\/p>\n","protected":false},"author":1,"featured_media":0,"parent":0,"menu_order":0,"comment_status":"closed","ping_status":"closed","template":"","meta":{"_acf_changed":false,"footnotes":""},"class_list":["post-97","page","type-page","status-publish","hentry"],"acf":[],"_links":{"self":[{"href":"https:\/\/gypse180.ca\/index.php\/wp-json\/wp\/v2\/pages\/97","targetHints":{"allow":["GET"]}}],"collection":[{"href":"https:\/\/gypse180.ca\/index.php\/wp-json\/wp\/v2\/pages"}],"about":[{"href":"https:\/\/gypse180.ca\/index.php\/wp-json\/wp\/v2\/types\/page"}],"author":[{"embeddable":true,"href":"https:\/\/gypse180.ca\/index.php\/wp-json\/wp\/v2\/users\/1"}],"replies":[{"embeddable":true,"href":"https:\/\/gypse180.ca\/index.php\/wp-json\/wp\/v2\/comments?post=97"}],"version-history":[{"count":7,"href":"https:\/\/gypse180.ca\/index.php\/wp-json\/wp\/v2\/pages\/97\/revisions"}],"predecessor-version":[{"id":1027,"href":"https:\/\/gypse180.ca\/index.php\/wp-json\/wp\/v2\/pages\/97\/revisions\/1027"}],"wp:attachment":[{"href":"https:\/\/gypse180.ca\/index.php\/wp-json\/wp\/v2\/media?parent=97"}],"curies":[{"name":"wp","href":"https:\/\/api.w.org\/{rel}","templated":true}]}}